, 61
Suppose 0*d - 135 = -5*d. What are the prime factors of d?
3
Let r(w) = 0*w - w**2 - 6*w - 2 + 5. What are the prime factors of r(-5)?
2
Let b(c) = 2*c**2 + c + 5. List the prime factors of b(-5).
2, 5
Let x be ((-4)/(-6))/(1/3). Let g(d) = d**2 + 2*d + 3. Let c be g(-2). Suppose k = -c*h - 3, -x*h - 16 = 2*h. What are the prime factors of k?
3
Let k(t) = -11*t**3 + 5*t + 2. What are the prime factors of k(-3)?
2, 71
Suppose -18*a + 308 = -14*a. List the prime factors of a.
7, 11
Let u(r) = 57*r**2 - 8*r + 14. List the prime factors of u(2).
2, 113
What are the prime factors of ((-2)/3)/(4/(-390))?
5, 13
Suppose 10*q + 5 = 11*q. Suppose 39 = q*l - 91. List the prime factors of l.
2, 13
Suppose -3*n = n - 80. Suppose -4*k + n = -0*k. List the prime factors of k.
5
Let b = 37 - -60. What are the prime factors of b?
97
Let m(x) = x**2 - x + 51. Suppose -4*c + 16 = 0, 2*c + 2*c = 3*r + 16. List the prime factors of m(r).
3, 17
Suppose -2*l + 2 = 0, -4*s + 5*s - 2 = 4*l. List the prime factors of s*1 + 1 + -3.
2
Let x(q) = -q - 2. Let y be x(0). Let n = y + 4. Suppose 3*b = -i + 31, -4*i - 44 = -n*b - 0. What are the prime factors of b?
2, 3
Let h(l) be the third derivative of 7*l**5/120 + l**4/24 + l**3/6 - l**2. Let i(p) be the first derivative of h(p). What are the prime factors of i(2)?
3, 5
Suppose b + 68 = 4*m - 2*b, 4*m = -4*b + 40. What are the prime factors of m?
2, 7
Let z(v) = 2*v + 1. Let q be z(1). Suppose -o + 2 = 0, -2*o = -q*a + o + 51. Suppose -7 = 3*x - a. What are the prime factors of x?
2
Suppose -2*c - 5*z + 34 + 57 = 0, 4*c - 137 = 5*z. List the prime factors of c.
2, 19
Let i = -18 + 18. Suppose -z = -i - 7. List the prime factors of z.
7
Let f = 60 - 35. List the prime factors of f.
5
Let l = 108 + -68. What are the prime factors of l?
2, 5
Suppose 3*u - 131 = 109. Suppose 10 = -5*g + u. Suppose 2*k - 2*q = g, -k - 1 = 2*q + 4. What are the prime factors of k?
3
Let h = -2 - -2. Suppose h = 3*y - 7*y + 160. List the prime factors of y.
2, 5
List the prime factors of (1 - 6)/(6/(-48)).
2, 5
Let c = -12 - -78. What are the prime factors of c?
2, 3, 11
Let i(u) = -2*u - 6. Let l be i(-13). Suppose -f + 3 = -l. What are the prime factors of f?
23
Let y = 41 + -18. Let a = -17 + y. What are the prime factors of a?
2, 3
Let q = -29 - -6. Let b be (1 + 0 - q) + 1. Let y = b - 16. List the prime factors of y.
3
What are the prime factors of 11/(1 + (-24)/28)?
7, 11
Let i(h) = 7*h**2 + 10*h + 17. What are the prime factors of i(-5)?
2, 71
Suppose -2*a + 4*a = 10, 4*f - 50 = -2*a. Let t = f - 2. List the prime factors of t.
2
Let o be 75/6*12/10. Suppose -61 = -2*w - 3*t, -9*t = -4*t + o. Suppose 2*f = 4*v - 2*f - 40, -3*v - 2*f + w = 0. List the prime factors of v.
11
Let y = -1 + 5. Suppose y*g + 5 = 69. What are the prime factors of g?
2
Let u(v) = v**2 + 4*v - 9. List the prime factors of u(4).
23
Let w = -541 - -773. What are the prime factors of w?
2, 29
Let l = -1 - 1. Let c(i) = 3*i**2 + i + 2. Let y be c(l). Suppose 0 = -3*k + y, g + 0*k + 13 = 5*k. What are the prime factors of g?
7
Let v = 4 + -4. Suppose v = -3*j - 2 + 8. Suppose q - 3*q - 16 = -3*g, 0 = j*q - 2. List the prime factors of g.
2, 3
Let k = -1 + 6. Let d = 28 - k. List the prime factors of d.
23
Let x = -3 - -8. Suppose -100 = -x*m + 2*c, -5*m + c + 3*c = -90. List the prime factors of m.
2, 11
Let s = 666 - 400. What are the prime factors of s?
2, 7, 19
Suppose 132 = 3*r + r + 4*a, r - 4*a = 18. What are the prime factors of r?
2, 3, 5
Let f = -99 + 140. List the prime factors of f.
41
Let t(k) = k - 16. Let s(o) be the second derivative of o**3/6 - 15*o**2/2 - 3*o. Let m(y) = -6*s(y) + 5*t(y). What are the prime factors of m(7)?
3
Suppose 2*y - b = 62, -b + 1 = 5. What are the prime factors of y?
29
Let n = 0 - 1. Let t = n - -2. What are the prime factors of t*((-6)/2 - -24)?
3, 7
List the prime factors of 10/(-14) - -1 - 1648/(-14).
2, 59
Suppose -2*l + 8 = 3*t - 6, 2*l = 3*t + 2. Suppose 17 + l = 4*a + 5*w, -2*a + 4 = -4*w. What are the prime factors of a?
2
Let s(l) = -l**3 + 9*l**2 - 3*l - 6. List the prime factors of s(8).
2, 17
Let u(p) = 3*p**3 - 2*p**2 + 2*p + 3. What are the prime factors of u(4)?
3, 19
Let o = -4 - -4. Suppose 8 + o = 4*z. Suppose 5*x - 3*n = 29, 0 = z*x - x + n - 1. What are the prime factors of x?
2
Let b be -2*2/4*-3. Suppose 3*y = 9, -25 = -4*o - 0*y + y. Let v = o + b. List the prime factors of v.
2, 5
Let i(j) = -j + 11. Let x be i(5). Let z = x + -2. What are the prime factors of z?
2
Let k(v) = 12*v**2. Let i be k(1). Let h = i - 8. List the prime factors of h.
2
Let p(w) be the third derivative of 2*w**2 + 7/60*w**5 + 1/3*w**4 + 0*w + 0 - 1/120*w**6 + 1/2*w**3. List the prime factors of p(8).
3
Let d be (3 + 0)*-1*-1. Let h(z) = 4*z - 2*z + 1 - d + 3. List the prime factors of h(5).
11
Let n = 63 - 4. Suppose 0 = 5*v - 21 - n. List the prime factors of v.
2
Let m = -7 - -4. List the prime factors of -2 - (-1 - m)*-7.
2, 3
Suppose -5 - 25 = -3*k. Let z be 8/k*10/4. Suppose -i = -5 + z. List the prime factors of i.
3
Let y be (10/15)/((-4)/(-18)). Suppose 2*p - 25 = -y*p. Let h(z) = -z**2 + 7*z + 1. What are the prime factors of h(p)?
11
Let w = 34 + -22. Suppose -2*b + 2*m - 8 = 0, -5*b = m + 2*m - w. Suppose b = -d - 2*d + 33. What are the prime factors of d?
11
Let o = -22 - -35. Suppose 71 = 2*i - o. What are the prime factors of i?
2, 3, 7
Suppose -2*k + 30 = 3*k. Suppose 3*d - k = -0*d. Suppose b - 4 - 4 = -n, d*b + 6 = 0. What are the prime factors of n?
11
Let q(p) be the second derivative of 1/6*p**4 + 0*p**2 - 1/6*p**3 + 4*p + 0 + 3/10*p**5. What are the prime factors of q(1)?
7
Suppose 8*d - 214 + 70 = 0. What are the prime factors of d?
2, 3
Suppose 0 = -4*o + 5*q - 9, -4*q + 20 = -0*q. Let n(p) be the first derivative of -p**4/4 + 4*p**3/3 + p**2/2 + 5*p + 1. List the prime factors of n(o).
3
Let x(s) = -3*s - 42. List the prime factors of x(-24).
2, 3, 5
Suppose 10 = -9*g + 14*g. Suppose -35 - 27 = -g*l. What are the prime factors of l?
31
What are the prime factors of (-97053)/(-297) + (-4)/(-18)?
3, 109
Suppose 41 = 3*h - 2*u, 4*u = h - 8 + 1. Let m be 6/h + 104/(-10). Let i = 0 - m. What are the prime factors of i?
2, 5
Let c = 9 - 5. Suppose -2*l = c*m - 24, 3*m - 3*l + 8*l = 4. What are the prime factors of m?
2
Suppose 4*b - 5*v = -0*v + 106, 90 = 4*b + 3*v. Suppose f - b = 2*r, -r - 36 = -3*f - 4*r. What are the prime factors of f?
2
Let m = 14 - 10. Suppose -2*w + v = -8, 7*w - 3*w - 5*v - m = 0. Let k(s) = s - 4. List the prime factors of k(w).
2
Suppose 4*r + r + 60 = 0. Let v = r - -34. What are the prime factors of v?
2, 11
List the prime factors of (72 - 74)/((-93)/92 + 1).
2, 23
Suppose 2 = -2*r + 3*r. Suppose -4*g - 27 = -5*t, -3*t + 1 = -2*g - 14. Let q = t + r. What are the prime factors of q?
5
Let b be 0 + 96 + (3 - 1). Suppose 3*r - 5*r = -b. Suppose 2*l - l + r = 3*h, 83 = 5*h - 2*l. List the prime factors of h.
3, 5
Let u(s) = -19*s - 5. Let i(a) = -5*a - 1. Let r(n) = 9*i(n) - 2*u(n). What are the prime factors of r(-1)?
2
Suppose 2 + 0 = f. Let q = 9 + 3. Suppose q = g - f. List the prime factors of g.
2, 7
Let n = 36 - 17. Suppose n = 3*m - 53. List the prime factors of m.
2, 3
Suppose 0 = g - 6*g + 45. Suppose 3 + g = -w + 5*d, -w + 15 = 4*d. What are the prime factors of 25/w - 2/6?
2
Suppose -4*l + 7*l = 24. Suppose 6*r + 10 = l*r. What are the prime factors of r?
5
Suppose -3*c + 3*t + 8 = 2*c, 3*c + t - 2 = 0. Let o be (-1 - (1 + -4))*c. Suppose -o*d + 0*d = -l, 4*l + 3*d = 22. What are the prime factors of l?
2
Let v(c) = -c**2 - 9*c - 2. Let o be v(-6). Suppose -4*y + o = 0, -6*t + 4*y - 91 = -t. Let a = 22 + t. What are the prime factors of a?
7
Let d(x) = 2*x**2 - 3*x + 6. Let v be d(5). Suppose -2*b + 23 = 5*c, 0 = 5*b + 4*c - v - 8. List the prime factors of b.
3
Let o(d) be the first derivative of -3*d**2/2 + 2*d - 1. Let v be -1 + 1 + -2*1. What are the prime factors of o(v)?
2
Let y = 7 - 10. List the prime factors of (-5 - y)*(-22)/4.
11
Let d be ((-2)/(-3))/(3/27). Let c be 2/(d/3) + 3. What are the prime factors of 10/c - (-2)/4?
3
Let u be 2/8 + (-329)/(-28). Suppose 0 = -3*a - u + 60. List the prime factors of a.
2
Let h be -2 - (-3)/(6/10). Suppose 0 = -t